+ 87*r - 1255. Determine i(8).
-111
Let h(q) = -11*q**2 + 435*q + 1809. What is h(42)?
675
Let c(p) = -p**3 + 52*p**2 + 476*p - 650. Determine c(-9).
7
Let w(q) = -29316*q - 8384377. Give w(-286).
-1
Let z(x) = 8*x**2 + 791*x + 8920. Determine z(-86).
62
Let b(r) = -1319*r + 120044. Calculate b(91).
15
Let q(w) = -81*w - 12637. Determine q(-161).
404
Let r(f) = -17*f**2 + 1977*f + 4032. What is r(-2)?
10
Let v(g) = -133759*g + 535030. What is v(4)?
-6
Let g(y) = 9*y**2 - 2517*y + 26617. Give g(11).
19
Let q(m) = 20648*m + 1424706. Calculate q(-69).
-6
Let k(h) = 4*h**2 + 95*h + 469. Determine k(-26).
703
Let o(d) = -41*d**3 + 1138*d**2 + 296*d - 350. Give o(28).
98
Let r(g) = g**2 + 1738078*g - 12. Calculate r(0).
-12
Let q(g) = g**3 + 35*g**2 + 117*g + 1845. What is q(-33)?
162
Let m(h) = h**3 + 253*h**2 + 4654*h - 13. Calculate m(-20).
107
Let r(s) = -10482*s**2 - 303970*s + 236. What is r(-29)?
4
Let u(o) = 340*o**2 + 381*o + 373. Give u(-1).
332
Let m(l) = l**2 + 1762*l + 95120. Calculate m(-56).
-416
Let w(a) = -42358*a + 508294. What is w(12)?
-2
Let f(i) = 177*i**2 + 746*i + 22. Determine f(-5).
717
Let w(d) = d**3 + 48*d**2 + 381*d - 4536. Determine w(-31).
-10
Let w(q) = 577*q - 124600. Calculate w(215).
-545
Let j(d) = -3*d**2 + 74*d - 409. Calculate j(23).
-294
Let o(h) = h**3 - 66*h**2 - 148*h - 143. Determine o(68).
-959
Let b(d) = -71*d**2 - 8133*d + 28903. Give b(-118).
-7
Let v(t) = 3*t**3 - 67*t**2 + 345*t - 45. What is v(8)?
-37
Let o(q) = -779*q + 146549. What is o(189)?
-682
Let q(x) = -x**3 - x**2 + 21*x - 43. Give q(3).
-16
Let x(n) = 6*n**3 - 379*n**2 + 5651*n - 153. Calculate x(39).
-309
Let w(p) = 2528*p + 101067. What is w(-40)?
-53
Let c(o) = 6*o**2 + 369*o + 1701. Give c(-5).
6
Let y(z) = -40*z**3 - 19247*z**2 - 3358*z + 4324. Determine y(-481).
-5
Let o(m) = -352*m - 6713. Determine o(-19).
-25
Let d(r) = -2*r**2 - 549*r - 2354. What is d(-5)?
341
Let c(s) = -1449*s + 488364. Determine c(337).
51
Let w(b) = -8441*b + 194161. What is w(23)?
18
Let n(g) = 2*g**3 - 117*g**2 + 319*g - 15139. Give n(58).
-1
Let m(o) = -7913*o - 276953. Determine m(-35).
2
Let s(h) = 495*h + 121114. Determine s(-247).
-1151
Let x(l) = 14*l**3 + 701*l**2 - 716*l - 2706. What is x(-51)?
-3
Let k(h) = 608*h + 130582. Give k(-216).
-746
Let t(s) = -81*s**2 + 195*s + 6730. Calculate t(-8).
-14
Let z(x) = -x**3 + 80*x**2 - 797*x + 1277. Determine z(2).
-5
Let q(m) = 4*m**2 + 875*m - 8607. Determine q(10).
543
Let u(a) = -124101*a + 3722898. Calculate u(30).
-132
Let c(z) = -2*z**2 - 3095*z - 18505. Determine c(-6).
-7
Let l(j) = 534*j + 1691. Give l(-5).
-979
Let z(v) = 105995*v - 1695797. Determine z(16).
123
Let d(y) = -687*y - 29557. Give d(-43).
-16
Let c(a) = 1389409*a + 8336474. What is c(-6)?
20
Let n(h) = -11*h**2 - 6036*h + 6043. Give n(1).
-4
Let n(b) = b**3 - 11*b**2 - 146*b - 421. Determine n(20).
259
Let v(m) = -2246*m + 22325. Determine v(10).
-135
Let g(m) = -129558*m - 4793633. Determine g(-37).
13
Let u(k) = 9462*k + 38844. Determine u(-4).
996
Let i(f) = f**3 + 24*f**2 + 86*f - 239. Give i(-18).
157
Let n(f) = 6981*f + 202441. Calculate n(-29).
-8
Let o(n) = 7251*n + 152599. Determine o(-21).
328
Let g(p) = 7*p**3 - 1131*p**2 - 673*p + 30313. Determine g(162).
19
Let d(n) = -699*n + 28030. Give d(40).
70
Let b(l) = 159*l**2 + 1290*l + 139. What is b(-8)?
-5
Let l(s) = -670*s**2 + 45*s - 28. Give l(0).
-28
Let l(o) = -o**3 - 305*o**2 - 10143*o + 1414. Calculate l(-267).
613
Let s(z) = -z**2 - 4088*z - 117488. Determine s(-29).
223
Let t(i) = 153*i - 42382. Determine t(269).
-1225
Let c(x) = -x**3 + 14*x**2 - 2*x - 277. Calculate c(11).
64
Let m(k) = k**3 + 1510*k**2 - 16735*k + 37. What is m(11)?
-7
Let y(c) = -3*c**3 + 111*c**2 + 94*c - 3498. What is y(37)?
-20
Let c(l) = 2*l**2 + 176*l + 4604. Calculate c(-50).
804
Let q(c) = -2*c**3 + 230*c**2 - 1031*c + 521. Give q(4).
-51
Let k(b) = 663*b - 1. Calculate k(0).
-1
Let q(f) = 814*f**2 - 6467*f + 6. What is q(8)?
366
Let k(w) = -37*w**2 - 208*w - 66. What is k(-5)?
49
Let p(y) = 2*y**3 - 52*y**2 + 342*y - 7308. Determine p(25).
-8
Let n(h) = -137542*h - 550184. What is n(-4)?
-16
Let s(b) = -6*b**2 + 2090*b + 19273. Determine s(-9).
-23
Let d(u) = -6061*u + 36447. Calculate d(6).
81
Let r(b) = 44755*b - 7116054. Calculate r(159).
-9
Let b(d) = 241*d**2 + 11566*d - 207. Calculate b(-48).
-111
Let j(s) = s**3 + 9*s**2 - 46*s - 386. Give j(-7).
34
Let o(z) = 50*z + 5420. Determine o(-120).
-580
Let g(v) = 29506*v - 58715. What is g(2)?
297
Let i(r) = 4*r**3 - 76*r**2 - 2246*r + 8. Give i(-16).
104
Let l(k) = 9*k**3 + 4*k + 1402. Give l(0).
1402
Let s(k) = -50*k + 77161. Determine s(1543).
11
Let p(l) = -l**3 + 233*l**2 - 455*l - 1415. What is p(231)?
202
Let o(j) = -153*j**2 - 1584*j - 53. Calculate o(-11).
-1142
Let h(c) = -1816*c - 4562. Calculate h(-2).
-930
Let i(o) = -o**3 + 380*o**2 - 2613*o + 726. Calculate i(373).
-20
Let n(m) = 2655*m**3 + 2*m**2 + 2817*m - 2817. What is n(1)?
2657
Let n(s) = 21*s**3 + 429*s**2 - 857*s - 3. Give n(2).
167
Let m(f) = f**3 + 18*f**2 - 38*f + 137. Calculate m(-17).
1072
Let y(c) = 23*c**2 + 613*c + 3821. Determine y(-10).
-9
Let l(v) = 2*v**3 + 260*v**2 + 15*v + 1950. Give l(-130).
0
Let a(k) = k**3 + 17*k**2 + 3701*k + 55187. What is a(-15)?
122
Let q(v) = 8*v**2 - 592*v + 489. Determine q(73).
-95
Let d(h) = -253*h - 49599. Give d(-196).
-11
Let h(l) = 204*l - 1451. Determine h(7).
-23
Let r(y) = -2*y**3 + 213*y**2 - 662*y - 6084. Determine r(103).
-7
Let s(t) = 73*t + 1820. Calculate s(-25).
-5
Let p(t) = -t**3 + 10*t**2 + 90*t - 149. Give p(-5).
-224
Let h(n) = 90*n**2 + 215*n + 5. Calculate h(-4).
585
Let n(a) = 285*a**3 - 59*a**2 + 39*a - 37. Give n(1).
228
Let s(b) = -b**3 - 140*b**2 - 536*b + 1095. Give s(-136).
7
Let u(x) = x**3 - 27*x**2 - 273*x + 500. Determine u(-9).
41
Let t(a) = -70*a**2 - 1568*a - 777. What is t(-22)?
-161
Let q(k) = -k**2 + 55*k + 68686. Give q(291).
10
Let y(n) = -2*n**2 - 1481*n + 35163. Calculate y(23).
42
Let c(d) = 8637*d - 855099. Determine c(99).
-36
Let b(g) = -694*g + 1409. Calculate b(4).
-1367
Let v(j) = -18823*j**2 - 37636*j + 18. Give v(-2).
-2
Let g(t) = -t**2 + 135*t + 2422. Calculate g(141).
1576
Let x(r) = -6*r**3 - 175*r**2 + 24*r + 1918. Give x(-29).
381
Let l(r) = 15*r**3 + 196*r**2 - 55*r - 874. Calculate l(-13).
10
Let f(a) = a**3 - 282*a**2 - 46*a + 91894. Calculate f(281).
7
Let z(n) = -120*n - 1184. What is z(-4)?
-704
Let h(u) = -u**3 + 98*u**2 - 107*u + 1114. What is h(97)?
144
Let p(z) = 9336*z + 1157676. What is p(-124)?
12
Let s(g) = 310*g**2 + 1257*g + 1257. Give s(-1).
310
Let m(g) = g**3 + 678*g**2 - 13956*g - 85. Determine m(20).
-5
Let c(v) = v**3 - 4635*v**2 + 211089*v + 243. Determine c(46).
13
Let j(m) = m**3 + 683*m**2 + 1361*m - 1328. What is j(-681)?
-647
Let h(o) = 44*o**2 - 161*o - 279. What is h(5)?
16
Let m(z) = -1137456*z - 11374553. Calculate m(-10).
7
Let j(b) = 8*b**2 - 19*b - 223. Give j(5).
-118
Let f(v) = -2*v**3 - 21*v**2 - 75*v + 124. Give f(11).
-5904
Let b(c) = 186*c - 60986. Determine b(327).
-164
Let w(a) = a**3 + 104*a**2 + 284*a - 1922. What is w(-101)?
-3
Let m(c) = 2263*c - 755835. Determine m(334).
7
Let w(h) = -325*h + 34066. Give w(105).
-59
Let y(k) = -5*k**3 + 2390*k**2 - 4765*k - 23. Determine y(2).
-33
Let x(l) = l**3 - 64*l**2 - 12*l + 842. Give x(64).
74
Let f(u) = -u**3 - 15*u - 321. Determine f(-6).
-15
Let t(n) = -3*n**2 - 97*n + 10462. Give t(45).
22
Let h(m) = 5*m**3 + 286*m**2 + 308*m + 151. Give h(-56).
1719
Let n(m) = -147*m**2 + 11174*m + 18. What is n(76)?
170
Let t(s) = s**2 + 1404*s + 487633. Give t(-774).
13
Let y(b) = 1534*b - 230085. What is y(150)?
15
Let o(i) = 2*i**2 - 547*i - 21876. Give o(-36).
408
Let q(u) = -511504*u + 3069024. What is q(6)?
0
Let l(h) = 59*h**3 - 10*h**2 + 132*h + 454. Calculate l(-3).
-1625
Let k(x) = -x**3 - 7*x**2 + 81*x - 63. Give k(4).
85
Let k(v) = -v**3 + 261*v**2 + 78775*v + 2685. What is k(-179)?
0
Let r(z) = 3*z**3 + 13*z**2 + 50*z + 85. Calculate r(-4).
-99
Let d(p) = -4639*p - 44326. Give d(-10).
2064
Let y(t) = -57947*t - 637403. Determine y(-11).
14
Let u(h) = 2647*h + 722637. Calculate u(-273).
6
Let r(m) = -385*m - 14827. Determine r(-39).
188
Let x(z) = -16*z**3 + 374*z**2 - 1